)/2. What is the tens digit of n - 4/(-4 - -3)?
5
What is the units digit of 1364/34 + 8/(-68)?
0
What is the units digit of (9 + -4 + -4)*10?
0
What is the tens digit of 14 - ((3 - 5) + 4)?
1
What is the units digit of (5 + 2)/(3 - 2)?
7
Suppose 0 = -3*i + 15. Suppose 63 = i*s + 3*q, 2*s = -q + 28 - 2. What is the tens digit of s?
1
Let h be 190/25 + (-6)/10. Let z(y) = 0*y - 1 + 2*y - y. What is the units digit of z(h)?
6
Suppose u - 1 = -3. Let d be (-4)/(-8)*(-16)/u. Let b = -1 + d. What is the units digit of b?
3
Let g be (-2)/12 + (-269)/6. Let a = -32 - g. What is the tens digit of a?
1
Suppose 4*i = 5*i. Suppose -2*k + k + 17 = i. What is the units digit of k?
7
Let o = 106 + -54. What is the tens digit of o?
5
Let i(k) be the second derivative of 2*k**3/3 + 2*k**2 - k. Let w be i(4). Suppose -5*h + 3*h = b - 7, 4*h = 4*b + w. What is the units digit of h?
4
Suppose -4*t - 2*p = -352, -5*p + 3*p + 88 = t. What is the tens digit of t?
8
Let x(m) = m**2 - 1. What is the units digit of x(-3)?
8
Let i(t) = -29*t**3 + 3*t**2 + 7*t + 9. What is the units digit of i(-2)?
9
Let n = 4 + -7. What is the units digit of -33*(n - 24/(-9))?
1
Let o = -189 - -350. What is the units digit of o?
1
Suppose -2*l + 4*l = -6, 2*s = -3*l + 1. Let v(z) = 2*z**2 + 4*z. Let f be v(-5). Suppose 5*k - s = -2*y + 6*y, -k + f = 5*y. What is the units digit of y?
5
Let c be (-2 + (-8)/(-5))*10. Let f be ((-4)/5)/(c/(-70)). Let h = -8 - f. What is the units digit of h?
6
Let p(n) = -8*n**3 + 10*n**2 - 2*n + 23. Let s(b) = -3*b**3 + 3*b**2 - b + 8. Let z(r) = 4*p(r) - 11*s(r). What is the units digit of z(-6)?
2
Let n(x) = 25*x**3 - 2*x**2 + 1. What is the tens digit of n(2)?
9
Let p = 22 - 3. What is the units digit of p?
9
Suppose -5*k - h = 14, 5 - 13 = -4*k + 4*h. Let l be 4/(-1)*1/k. Suppose -6*c - l*x = -3*c, -3*c = 5*x + 9. What is the units digit of c?
2
Let r be 0/(-1)*(-7)/(-28). Suppose -3*z - 2*z - 5*u + 35 = 0, -4*u = -3*z. Suppose z*w - 7*w + 24 = r. What is the units digit of w?
8
Let k = -10 + 2. Let r = 50 + -34. Let m = r + k. What is the units digit of m?
8
What is the units digit of 1/2*103*(7 + -5)?
3
Let h be (35/(-4))/(2/(-8)). Let i = h - 22. What is the units digit of i?
3
Let s be 2/9 + 4/(-18). Let b = 3 + s. What is the units digit of b?
3
Suppose -4*d = -5*u + 48, 5*u - 2 = 3*d + 34. What is the units digit of 110/4 + d/24?
7
Let u(k) = -k**3 - 4*k**2 + 8*k + 1. Let c be u(-6). Let g = 42 - c. What is the units digit of g?
7
Suppose 9*c + 3*c = 96. Let b be (-4)/14 - (-2)/7. Suppose b = 2*l + c, 4*l = -p + 2*l + 1. What is the units digit of p?
9
Suppose -4*q = -220 - 140. What is the tens digit of q?
9
Let j(w) = -w**2 - w + 3. Let f(o) = 2*o**2 + o - 6. Let y(g) = 6*f(g) + 13*j(g). Let h(i) = 4*i**2 - 34*i + 9. Let q be h(8). What is the units digit of y(q)?
3
Let d = -9 + 7. Let y be (15/2)/((-3)/(-6)). What is the units digit of (-3)/(-6) - y/d?
8
Let t be (-50)/(-18) + 2/9. Suppose t*q - 4 = q. What is the units digit of q?
2
Let j(g) = 2*g - 3. Let l be j(5). Suppose -t + l = -11. Suppose -t = u - 3*u. What is the units digit of u?
9
Suppose -h + 3*l - 2*l + 77 = 0, 4*h - 2*l = 300. What is the units digit of h?
3
Let g(x) = x**3 + 7*x**2 + 2*x + 1. Let d = 17 + -23. What is the tens digit of g(d)?
2
What is the units digit of 3*4/(-12)*-3?
3
What is the units digit of (18/5)/((-2)/(-15))?
7
Let g(n) = 93*n. What is the tens digit of g(1)?
9
Let t be (-2 - -4)/2 + -8. Let x(i) = i**2 + 4*i + 2. What is the units digit of x(t)?
3
Let v(c) = c + 15. What is the tens digit of v(-4)?
1
Let r = 7 + -12. What is the tens digit of (-4)/10 - 142/r?
2
Let i(t) = 5*t - 12. What is the units digit of i(8)?
8
Let u(k) be the first derivative of -k**3/3 + 2*k**2 + 6*k + 1. Let d be u(5). What is the units digit of 0 + (3 - 1)*d?
2
Suppose -4*u = -w - 4*w + 41, -2*u = w + 3. Let p(x) = x**2 + 5*x + 6. What is the units digit of p(u)?
2
Let p(m) = -5*m - 69. Let t(w) = -w - 17. Let n(i) = 2*p(i) - 9*t(i). Let b be n(8). Suppose 3*z = b*z - 44. What is the units digit of z?
1
What is the units digit of (-10 - -48)/((-2)/(-1))?
9
Let h = 34 + -19. Let j = h + -7. What is the units digit of j?
8
Let k = -73 + 126. What is the tens digit of k?
5
What is the tens digit of (-378)/(-22) - (-2)/(-11)?
1
Let u(m) = 6*m**3 - 4*m**2 + 3*m - 2. What is the units digit of u(2)?
6
Suppose -3*l - 47 = -5*p - 13, -3*p - 2*l = -9. Suppose -2*z - 5 = 3*z + p*c, c = 3*z + 7. What is the units digit of -4 - -3 - (z - 3)?
4
Let c = 0 + 0. Let s = -15 - -43. Suppose c*j - s = -4*j. What is the units digit of j?
7
Let t be 3*(-4)/(-5 + 1). Suppose -t*n = -7 - 14. What is the units digit of n?
7
Let z = 0 - 0. Let t be 1/((-3 + z)/(-12)). Suppose -t = -2*n + 6. What is the units digit of n?
5
Suppose k + 4 = -0*k. What is the units digit of (3 + 14/k)*-22?
1
Suppose 0*t + 22*t = 3278. What is the hundreds digit of t?
1
Let m be 3/(-15) + (-32)/(-10). Let d = 3 - -1. Let l = d + m. What is the units digit of l?
7
Suppose 0 = -q - 3*q + 140. Let s = q + -22. What is the tens digit of s?
1
Let w = -2 + -4. Suppose 5*k - 18 = -5*q + 17, -2*q = -5*k + 56. Let h = k + w. What is the units digit of h?
4
Suppose -o - 1 = -43. Suppose 4 - o = -2*y. What is the units digit of y?
9
Let k = -22 - -36. What is the units digit of k?
4
Let l(w) = 12 - 2 + 2 - w. Let g be l(10). What is the units digit of 16/(-10)*(-25)/g?
0
Let p = 22 + 79. What is the units digit of p?
1
Suppose 0*h + 12 = -4*h. Let a = h - -1. Let v = a + 6. What is the units digit of v?
4
Let p(i) = -1 + i**2 - 1 + 1. What is the units digit of p(-2)?
3
Let r(b) = -b**3 + 7*b**2 - 8*b + 9. Let c be r(6). Let t(w) be the third derivative of w**5/30 + w**4/12 - w**3/2 + w**2. What is the units digit of t(c)?
9
Let u be 4/8 + (-13)/(-2). Suppose 4*d + 16 = -p, -3*d = 3*p - u*d - 16. What is the tens digit of 14 - (-1 + p - -2)?
1
Suppose 4*u + s = -0*s + 1, -3*s + 3 = 4*u. Suppose u = k - 5*w + 22, w - 16 = -2*k - w. What is the units digit of (-4)/((-24)/10)*k?
5
Suppose -5*h = -k + 123, -65 = 4*k - 2*h - 503. Suppose -52 = -5*x + k. What is the units digit of x?
2
Let j = 101 - 57. What is the tens digit of j?
4
What is the tens digit of 1 + 6*(-9)/(-2)?
2
Let g be (-14)/4 + (-2)/4. Suppose -3*c - 42 = -4*q + 7, -3*q = 2*c - 41. Let n = g + q. What is the units digit of n?
9
Let a(d) = d + 9. Let t be a(-7). Let q be -3*(8/(-3) + t). Suppose -30 = -q*c + m, -7 = -c + 2*c + 5*m. What is the tens digit of c?
1
Let t(l) = 10 - l - 3*l**2 + 2*l**2 + 2*l. What is the tens digit of t(0)?
1
Suppose q - 12 = -2*q + 2*k, 0 = -4*k. Suppose -q*f - 3*f + 322 = 0. What is the units digit of f?
6
Suppose -2*n + n + 27 = 0. What is the units digit of n?
7
Let l(s) = -s**3 - 3. Let a be l(0). Let n(h) = 4*h + 3 + 2*h**2 + 0 + 1 - 2. What is the units digit of n(a)?
8
What is the tens digit of 62 - 9/(36/(-8))?
6
Suppose 2*a - 151 = k, 0 = 4*k - 2*k - 2. What is the units digit of a?
6
Let j(q) = -q**2 - q + 11. Suppose 3*t - 5 = -4*p - 2, -p - 2*t + 2 = 0. What is the tens digit of j(p)?
1
Suppose -4*x + 72 = 5*u, 3*x - 30 = -2*u + x. What is the tens digit of u?
1
Suppose -3*h + 10 = -2, -4*y - 4*h = -8. Let p(o) = -10*o. What is the units digit of p(y)?
0
Let w = 8 - 6. Let p be (-4)/6*(-30)/4. Suppose 0 = -p*d + d + 3*f + 20, 5*d + w*f = 2. What is the units digit of d?
2
Let v(n) = -94*n - 3. Let p be v(1). Let k = p - -136. What is the units digit of k?
9
Suppose 3*w - 4*w = -2*c - 9, -13 = -5*w + 2*c. What is the units digit of -105*(w + 28/(-20))?
2
Suppose 0*f + 4*f = 16. Suppose f*m - a + 29 = 0, -2 + 12 = -m + 3*a. Let g = -4 - m. What is the units digit of g?
3
Let k = 20 + 36. Suppose -k = -4*q - 4*o + 56, 5*q - 5*o = 120. What is the tens digit of q?
2
Let p(z) = 341*z + 2. What is the tens digit of p(1)?
4
Let m = -6 + 14. Let z(y) = -y**3 + 8*y**2 + y + 3. What is the tens digit of z(m)?
1
Let t = -33 + 48. What is the units digit of ((-2)/(-8))/(t/120)?
2
What is the tens digit of ((-8)/(-2))/(19/76)?
1
What is the units digit of (-1)/(((-8)/(-44))/(-2))?
1
Let v be 44/16 - 2/(-8). Suppose -2*g - 6 = -2*j + 4, 0 = v*g - 9. What is the units digit of j?
8
Suppose -4*i = 3*g - 230 - 9, -5*i - 2*g + 304 = 0. What i